{"id":55,"date":"2026-03-09T12:02:12","date_gmt":"2026-03-09T12:02:12","guid":{"rendered":"https:\/\/sroc372.pt\/?page_id=55"},"modified":"2026-03-09T17:01:32","modified_gmt":"2026-03-09T17:01:32","slug":"servicos","status":"publish","type":"page","link":"https:\/\/sroc372.pt\/index.php\/servicos\/","title":{"rendered":""},"content":{"rendered":"\n<div class=\"wp-block-group alignfull has-global-padding is-layout-constrained wp-container-core-group-is-layout-0c9c989a wp-block-group-is-layout-constrained\" style=\"min-height:0vh;margin-top:0;margin-bottom:0;padding-top:var(--wp--preset--spacing--70);padding-right:var(--wp--preset--spacing--40);padding-bottom:var(--wp--preset--spacing--70);padding-left:var(--wp--preset--spacing--40)\">\n<div class=\"wp-block-group has-global-padding is-layout-constrained wp-container-core-group-is-layout-346627ba wp-block-group-is-layout-constrained\">\n<h2 class=\"wp-block-heading has-text-align-center has-xx-large-font-size\" style=\"margin-right:0;margin-left:0;padding-right:0;padding-left:0\">O que Fazemos?<\/h2>\n\n\n\n<p class=\"has-text-align-center\">A auditoria financeira ao servi\u00e7o das empresas. <\/p>\n\n\n\n<div class=\"wp-block-buttons is-content-justification-center is-layout-flex wp-container-core-buttons-is-layout-a89b3969 wp-block-buttons-is-layout-flex\"><\/div>\n<\/div>\n<\/div>\n\n\n\n<div class=\"wp-block-group alignfull is-style-section-1 has-global-padding is-layout-constrained wp-block-group-is-layout-constrained is-style-section-1--1\" style=\"margin-top:0;margin-bottom:0;padding-top:var(--wp--preset--spacing--80);padding-bottom:var(--wp--preset--spacing--80)\">\n<div class=\"wp-block-columns alignwide is-layout-flex wp-container-core-columns-is-layout-66fad18a wp-block-columns-is-layout-flex\">\n<div class=\"wp-block-column is-layout-flow wp-block-column-is-layout-flow\" style=\"padding-right:var(--wp--preset--spacing--50);flex-basis:45%\">\n<figure class=\"wp-block-image size-full\"><img loading=\"lazy\" decoding=\"async\" width=\"2560\" height=\"1706\" src=\"http:\/\/sroc372.pt\/wp-content\/uploads\/2026\/03\/11-01-2026-ILCE-7C-FE-35mm-F1.8-005-scaled.jpg\" alt=\"\" class=\"wp-image-41\" srcset=\"https:\/\/sroc372.pt\/wp-content\/uploads\/2026\/03\/11-01-2026-ILCE-7C-FE-35mm-F1.8-005-scaled.jpg 2560w, https:\/\/sroc372.pt\/wp-content\/uploads\/2026\/03\/11-01-2026-ILCE-7C-FE-35mm-F1.8-005-300x200.jpg 300w, https:\/\/sroc372.pt\/wp-content\/uploads\/2026\/03\/11-01-2026-ILCE-7C-FE-35mm-F1.8-005-1024x683.jpg 1024w, https:\/\/sroc372.pt\/wp-content\/uploads\/2026\/03\/11-01-2026-ILCE-7C-FE-35mm-F1.8-005-768x512.jpg 768w, https:\/\/sroc372.pt\/wp-content\/uploads\/2026\/03\/11-01-2026-ILCE-7C-FE-35mm-F1.8-005-1536x1024.jpg 1536w, https:\/\/sroc372.pt\/wp-content\/uploads\/2026\/03\/11-01-2026-ILCE-7C-FE-35mm-F1.8-005-2048x1365.jpg 2048w\" sizes=\"auto, (max-width: 2560px) 100vw, 2560px\" \/><\/figure>\n\n\n\n<div class=\"wp-block-group has-global-padding is-layout-constrained wp-block-group-is-layout-constrained\" style=\"margin-top:-12vw\"><\/div>\n<\/div>\n\n\n\n<div class=\"wp-block-column is-vertically-aligned-center is-layout-flow wp-block-column-is-layout-flow\" style=\"padding-right:0;padding-left:0;flex-basis:50%\">\n<div class=\"wp-block-group is-vertical is-layout-flex wp-container-core-group-is-layout-fe9cc265 wp-block-group-is-layout-flex\">\n<h2 class=\"wp-block-heading is-style-text-annotation is-style-text-annotation--2\">Port-folio<\/h2>\n<\/div>\n\n\n\n<p class=\"is-style-text-subtitle is-style-text-subtitle--3\">Trabalhamos com a parte mais complexa da atividade empresarial. O nosso objetivo \u00e9 aumentar a seguran\u00e7a na tomada de decis\u00e3o de quem nos contrata. <\/p>\n<\/div>\n<\/div>\n<\/div>\n\n\n\n<div class=\"wp-block-group alignfull has-global-padding is-layout-constrained wp-container-core-group-is-layout-ebee8dc1 wp-block-group-is-layout-constrained\" style=\"margin-top:0;margin-bottom:0;padding-top:var(--wp--preset--spacing--50);padding-bottom:var(--wp--preset--spacing--50)\">\n<h2 class=\"wp-block-heading alignwide\">Os nossos servi\u00e7os<\/h2>\n\n\n\n<div class=\"wp-block-columns alignwide is-layout-flex wp-container-core-columns-is-layout-28f84493 wp-block-columns-is-layout-flex\">\n<div class=\"wp-block-column is-layout-flow wp-block-column-is-layout-flow\">\n<figure class=\"wp-block-image size-full\" style=\"margin-bottom:24px\"><img loading=\"lazy\" decoding=\"async\" width=\"640\" height=\"346\" src=\"https:\/\/sroc372.pt\/wp-content\/uploads\/2026\/03\/49790407551_d6eee120c7_z-2.jpg\" alt=\"\" class=\"wp-image-109\" style=\"aspect-ratio:4\/3;object-fit:cover\" srcset=\"https:\/\/sroc372.pt\/wp-content\/uploads\/2026\/03\/49790407551_d6eee120c7_z-2.jpg 640w, https:\/\/sroc372.pt\/wp-content\/uploads\/2026\/03\/49790407551_d6eee120c7_z-2-300x162.jpg 300w\" sizes=\"auto, (max-width: 640px) 100vw, 640px\" \/><\/figure>\n\n\n\n<h3 class=\"wp-block-heading\">Revis\u00e3o Legal de Contas<\/h3>\n\n\n\n<p class=\"has-medium-font-size\">Prestamos servi\u00e7os de Revis\u00e3o Legal de Contas a empresas e IPSS&#8217;s. Este \u00e9 o nosso core-business, certificar demonstra\u00e7\u00f5es financeiras e garantir a qualidade da informa\u00e7\u00e3o que chega at\u00e9 aos leitores das contas. <\/p>\n<\/div>\n\n\n\n<div class=\"wp-block-column is-layout-flow wp-block-column-is-layout-flow\">\n<figure class=\"wp-block-image size-full\" style=\"margin-bottom:24px\"><img loading=\"lazy\" decoding=\"async\" width=\"1024\" height=\"683\" src=\"https:\/\/sroc372.pt\/wp-content\/uploads\/2026\/03\/49790719482_6a65edfb7c_b.jpg\" alt=\"\" class=\"wp-image-110\" style=\"aspect-ratio:4\/3;object-fit:cover\" srcset=\"https:\/\/sroc372.pt\/wp-content\/uploads\/2026\/03\/49790719482_6a65edfb7c_b.jpg 1024w, https:\/\/sroc372.pt\/wp-content\/uploads\/2026\/03\/49790719482_6a65edfb7c_b-300x200.jpg 300w, https:\/\/sroc372.pt\/wp-content\/uploads\/2026\/03\/49790719482_6a65edfb7c_b-768x512.jpg 768w\" sizes=\"auto, (max-width: 1024px) 100vw, 1024px\" \/><\/figure>\n\n\n\n<h3 class=\"wp-block-heading\">Auditoria Volunt\u00e1ria<\/h3>\n\n\n\n<p class=\"has-medium-font-size\">Muitas entidades querem avaliar a qualidade da sua contabilidade sem no entanto estarem sujeitas a essa obriga\u00e7\u00e3o legal, isto prende-se com a detec\u00e7\u00e3o de fraudes, a avalia\u00e7\u00e3o da empresa, ou  a mera necessidade de ouvir uma opini\u00e3o isenta sobre a empresa e a sua contabilidade. <\/p>\n\n\n\n<p class=\"has-medium-font-size\">Em regra com um peso acrescido na \u00e1rea fiscal, este tipo de auditoria tem por objetivo aumentar a confian\u00e7a dos empres\u00e1rios nos dados contabil\u00edsticos que a empresa envia para o exterior.<\/p>\n<\/div>\n\n\n\n<div class=\"wp-block-column is-layout-flow wp-block-column-is-layout-flow\">\n<figure class=\"wp-block-image size-full\" style=\"margin-bottom:24px\"><img loading=\"lazy\" decoding=\"async\" width=\"1024\" height=\"683\" src=\"http:\/\/sroc372.pt\/wp-content\/uploads\/2026\/03\/49790407581_2f3558e398_b.jpg\" alt=\"\" class=\"wp-image-111\" style=\"aspect-ratio:4\/3;object-fit:cover\" srcset=\"https:\/\/sroc372.pt\/wp-content\/uploads\/2026\/03\/49790407581_2f3558e398_b.jpg 1024w, https:\/\/sroc372.pt\/wp-content\/uploads\/2026\/03\/49790407581_2f3558e398_b-300x200.jpg 300w, https:\/\/sroc372.pt\/wp-content\/uploads\/2026\/03\/49790407581_2f3558e398_b-768x512.jpg 768w\" sizes=\"auto, (max-width: 1024px) 100vw, 1024px\" \/><\/figure>\n\n\n\n<h3 class=\"wp-block-heading\">Consultoria<\/h3>\n\n\n\n<p class=\"has-medium-font-size\">Uma opini\u00e3o profissional e isenta, nem sempre nos diz apenas aquilo que queremos ouvir. O apoio \u00e0 tomada de decis\u00e3o, a abordagem a problem\u00e1ticas espec\u00edficas com recurso a t\u00e9cnicas de auditoria e a avalia\u00e7\u00e3o de situa\u00e7\u00f5es de poss\u00edvel fraude, s\u00e3o apenas algumas das situa\u00e7\u00f5es em que temos colocados os nossos conhecimentos ao servi\u00e7o das empresas.<\/p>\n<\/div>\n<\/div>\n<\/div>\n\n\n\n<div class=\"wp-block-group alignfull has-global-padding is-layout-constrained wp-block-group-is-layout-constrained\" style=\"margin-top:0;margin-bottom:0;padding-top:var(--wp--preset--spacing--60);padding-bottom:var(--wp--preset--spacing--60)\"><\/div>\n\n\n\n<aside class=\"wp-block-group alignfull is-style-section-3 has-global-padding is-layout-constrained wp-container-core-group-is-layout-f0f2a97b wp-block-group-is-layout-constrained is-style-section-3--4\" style=\"margin-top:0;margin-bottom:0;padding-top:var(--wp--preset--spacing--50);padding-right:var(--wp--preset--spacing--50);padding-bottom:var(--wp--preset--spacing--50);padding-left:var(--wp--preset--spacing--50)\">\n<div class=\"wp-block-group is-vertical is-content-justification-center is-layout-flex wp-container-core-group-is-layout-8778ca4a wp-block-group-is-layout-flex\" style=\"min-height:360px;margin-top:0;margin-bottom:0\">\n<h2 class=\"wp-block-heading has-text-align-center has-xx-large-font-size\">Deseja Saber mais sobre os nossos servi\u00e7os?<\/h2>\n\n\n\n<p class=\"has-text-align-center is-style-text-subtitle is-style-text-subtitle--5\">Explique-nos quais as suas necessidades e n\u00f3s faremos o resto. <\/p>\n\n\n\n<div style=\"height:0px\" aria-hidden=\"true\" class=\"wp-block-spacer wp-container-content-62aae154\"><\/div>\n\n\n\n<div class=\"wp-block-buttons is-content-justification-center is-layout-flex wp-container-core-buttons-is-layout-a89b3969 wp-block-buttons-is-layout-flex\"><\/div>\n<\/div>\n<\/aside>\n","protected":false},"excerpt":{"rendered":"<p>O que Fazemos? A auditoria financeira ao servi\u00e7o das empresas. Port-folio Trabalhamos com a parte mais complexa da atividade empresarial. O nosso objetivo \u00e9 aumentar a seguran\u00e7a na tomada de decis\u00e3o de quem nos contrata. Os nossos servi\u00e7os Revis\u00e3o Legal de Contas Prestamos servi\u00e7os de Revis\u00e3o Legal de Contas a empresas e IPSS&#8217;s. Este \u00e9 [&hellip;]<\/p>\n","protected":false},"author":1,"featured_media":0,"parent":0,"menu_order":0,"comment_status":"closed","ping_status":"closed","template":"","meta":{"footnotes":""},"class_list":["post-55","page","type-page","status-publish","hentry"],"_links":{"self":[{"href":"https:\/\/sroc372.pt\/index.php\/wp-json\/wp\/v2\/pages\/55","targetHints":{"allow":["GET"]}}],"collection":[{"href":"https:\/\/sroc372.pt\/index.php\/wp-json\/wp\/v2\/pages"}],"about":[{"href":"https:\/\/sroc372.pt\/index.php\/wp-json\/wp\/v2\/types\/page"}],"author":[{"embeddable":true,"href":"https:\/\/sroc372.pt\/index.php\/wp-json\/wp\/v2\/users\/1"}],"replies":[{"embeddable":true,"href":"https:\/\/sroc372.pt\/index.php\/wp-json\/wp\/v2\/comments?post=55"}],"version-history":[{"count":2,"href":"https:\/\/sroc372.pt\/index.php\/wp-json\/wp\/v2\/pages\/55\/revisions"}],"predecessor-version":[{"id":112,"href":"https:\/\/sroc372.pt\/index.php\/wp-json\/wp\/v2\/pages\/55\/revisions\/112"}],"wp:attachment":[{"href":"https:\/\/sroc372.pt\/index.php\/wp-json\/wp\/v2\/media?parent=55"}],"curies":[{"name":"wp","href":"https:\/\/api.w.org\/{rel}","templated":true}]}}