{"id":60,"date":"2026-03-09T12:15:39","date_gmt":"2026-03-09T12:15:39","guid":{"rendered":"https:\/\/sroc372.pt\/?page_id=60"},"modified":"2026-03-09T17:07:43","modified_gmt":"2026-03-09T17:07:43","slug":"uma-visao-e-um-mote","status":"publish","type":"page","link":"https:\/\/sroc372.pt\/index.php\/uma-visao-e-um-mote\/","title":{"rendered":"Uma vis\u00e3o e um mote"},"content":{"rendered":"\n<div class=\"wp-block-group alignfull is-style-section-5 is-layout-flow wp-block-group-is-layout-flow is-style-section-5--1\" style=\"min-height:100vh;margin-top:0;margin-bottom:0;padding-top:var(--wp--preset--spacing--50);padding-right:var(--wp--preset--spacing--50);padding-bottom:var(--wp--preset--spacing--50);padding-left:var(--wp--preset--spacing--50)\">\n<div class=\"wp-block-columns alignfull is-layout-flex wp-container-core-columns-is-layout-47c06fe3 wp-block-columns-is-layout-flex\">\n<div class=\"wp-block-column is-layout-flow wp-block-column-is-layout-flow\">\n<div class=\"wp-block-cover\" style=\"min-height:100vh;aspect-ratio:unset;\"><img loading=\"lazy\" decoding=\"async\" width=\"1024\" height=\"683\" class=\"wp-block-cover__image-background wp-image-114 size-full\" alt=\"\" src=\"https:\/\/sroc372.pt\/wp-content\/uploads\/2026\/03\/49984292567_129766ff67_b-1.jpg\" data-object-fit=\"cover\" srcset=\"https:\/\/sroc372.pt\/wp-content\/uploads\/2026\/03\/49984292567_129766ff67_b-1.jpg 1024w, https:\/\/sroc372.pt\/wp-content\/uploads\/2026\/03\/49984292567_129766ff67_b-1-300x200.jpg 300w, https:\/\/sroc372.pt\/wp-content\/uploads\/2026\/03\/49984292567_129766ff67_b-1-768x512.jpg 768w\" sizes=\"auto, (max-width: 1024px) 100vw, 1024px\" \/><span aria-hidden=\"true\" class=\"wp-block-cover__background has-background-dim-0 has-background-dim\" style=\"background-color:#6f6a68\"><\/span><div class=\"wp-block-cover__inner-container is-layout-flow wp-block-cover-is-layout-flow\">\n<div style=\"height:var(--wp--preset--spacing--20)\" aria-hidden=\"true\" class=\"wp-block-spacer\"><\/div>\n<\/div><\/div>\n<\/div>\n\n\n\n<div class=\"wp-block-column is-layout-flow wp-block-column-is-layout-flow\">\n<div class=\"wp-block-group is-vertical is-content-justification-stretch is-nowrap is-layout-flex wp-container-core-group-is-layout-cd57f305 wp-block-group-is-layout-flex\" style=\"min-height:100%\">\n<p class=\"has-text-align-left has-x-large-font-size\" style=\"line-height:1.2\">A nossa vis\u00e3o junta tr\u00eas princ\u00edpios que damos por inegoci\u00e1veis, expressos no mote Fides, Labor, Veritas, s\u00e3o estas as linhas mestres por onde desenvolvemos o nosso trabalho.<\/p>\n\n\n\n<p><\/p>\n\n\n\n<blockquote class=\"wp-block-quote is-layout-flow wp-block-quote-is-layout-flow\" style=\"padding-top:30px;padding-bottom:30px\">\n<p><strong>Fides<\/strong>: Confian\u00e7a, o objetivo \u00faltimo do nosso trabalho \u00e9 acrescentar confian\u00e7a \u00e0 informa\u00e7\u00e3o financeira. <\/p>\n<\/blockquote>\n\n\n\n<blockquote class=\"wp-block-quote is-layout-flow wp-block-quote-is-layout-flow\" style=\"padding-top:30px;padding-bottom:30px\">\n<p><strong>Labor:<\/strong> Trabalho, a opini\u00e3o do auditor n\u00e3o se constr\u00f3i em declara\u00e7\u00f5es, mas no trabalho rigoroso que a sustenta.<\/p>\n<\/blockquote>\n\n\n\n<blockquote class=\"wp-block-quote is-layout-flow wp-block-quote-is-layout-flow\" style=\"padding-top:30px;padding-bottom:30px\">\n<p><strong>Veritas:<\/strong> Verdade, express\u00e3o que cont\u00e9m em si mesma a promessa de isen\u00e7\u00e3o, de indep\u00eancia e rigor da nossa palavra.<\/p>\n<\/blockquote>\n<\/div>\n<\/div>\n<\/div>\n<\/div>\n","protected":false},"excerpt":{"rendered":"<p>A nossa vis\u00e3o junta tr\u00eas princ\u00edpios que damos por inegoci\u00e1veis, expressos no mote Fides, Labor, Veritas, s\u00e3o estas as linhas mestres por onde desenvolvemos o nosso trabalho. Fides: Confian\u00e7a, o objetivo \u00faltimo do nosso trabalho \u00e9 acrescentar confian\u00e7a \u00e0 informa\u00e7\u00e3o financeira. Labor: Trabalho, a opini\u00e3o do auditor n\u00e3o se constr\u00f3i em declara\u00e7\u00f5es, mas no trabalho [&hellip;]<\/p>\n","protected":false},"author":1,"featured_media":0,"parent":0,"menu_order":0,"comment_status":"closed","ping_status":"closed","template":"","meta":{"footnotes":""},"class_list":["post-60","page","type-page","status-publish","hentry"],"_links":{"self":[{"href":"https:\/\/sroc372.pt\/index.php\/wp-json\/wp\/v2\/pages\/60","targetHints":{"allow":["GET"]}}],"collection":[{"href":"https:\/\/sroc372.pt\/index.php\/wp-json\/wp\/v2\/pages"}],"about":[{"href":"https:\/\/sroc372.pt\/index.php\/wp-json\/wp\/v2\/types\/page"}],"author":[{"embeddable":true,"href":"https:\/\/sroc372.pt\/index.php\/wp-json\/wp\/v2\/users\/1"}],"replies":[{"embeddable":true,"href":"https:\/\/sroc372.pt\/index.php\/wp-json\/wp\/v2\/comments?post=60"}],"version-history":[{"count":5,"href":"https:\/\/sroc372.pt\/index.php\/wp-json\/wp\/v2\/pages\/60\/revisions"}],"predecessor-version":[{"id":115,"href":"https:\/\/sroc372.pt\/index.php\/wp-json\/wp\/v2\/pages\/60\/revisions\/115"}],"wp:attachment":[{"href":"https:\/\/sroc372.pt\/index.php\/wp-json\/wp\/v2\/media?parent=60"}],"curies":[{"name":"wp","href":"https:\/\/api.w.org\/{rel}","templated":true}]}}